22. Let p be m(20). Let l = p - 227. Calculate the remainder when l is divided by 6.
5
Let w(h) = -5*h**2 + h**3 + 101 - 54 - 57. What is the remainder when w(6) is divided by 7?
5
Suppose r - 163*w - 80 = -160*w, 4*r - 2*w = 220. Let u = 65 - 38. Calculate the remainder when r is divided by u.
23
Let f(k) = k**3 - 13*k**2 + 30*k - 42. Calculate the remainder when 639 is divided by f(11).
41
Let c = 114 - 111. Let s(h) = 7*h**2 - h. What is the remainder when s(c) is divided by 5?
0
Let i = 57 - 40. What is the remainder when i is divided by ((-14)/(-3) - (-27)/(162/8)) + 5?
6
Calculate the remainder when (-308)/48*3*(-96 - 0) is divided by 30.
18
Let g(r) = -2*r**3 + 75*r**2 - 178*r + 140. Suppose -5*q = -4*c + 83, c + 4*q - 18 = 29. Let s = c + -13. What is the remainder when g(35) is divided by s?
7
Suppose 4*q - 26 = 3*q. Let p(k) = 10*k**2 - 7*k - 7. Let y be p(-1). Let o = y + q. What is the remainder when o is divided by 13?
10
Suppose -20*o + 15*o + 5 = 0. Suppose h = -3 + o. What is the remainder when (-4)/((-1)/(-12)*h) is divided by 14?
10
Let n(b) = b**3 - 2*b**2 + 4*b - 4. Let t = 1945 - 1948. Calculate the remainder when (16/t + 3)/(41/(-2337)) is divided by n(3).
14
Let j be (-2 - -8) + -4 + -1 + 4. Suppose -w - 641 = -f, w - 16 = j*w. What is the remainder when f is divided by 20?
17
Let j = -102 - -6. Suppose -1 = -v - x, v + 4*v + x - 25 = 0. Calculate the remainder when 0/2 - j/6 is divided by v.
4
Suppose 2*g + 2*r = -2*r + 70, -2*g + 79 = r. Let z = 69 - g. Suppose 2*f + u = 37, -u - 15 - z = -2*f. What is the remainder when 36 is divided by f?
16
Suppose -4*q + 7 = c - 63, c - 16 = -q. Let z = 56 - -103. What is the remainder when z is divided by q?
15
Let d = 18 + -6. Let n(p) = -5*p - 4. Let r be n(-1). Calculate the remainder when 38/(-133) - ((-233)/7 + r) is divided by d.
8
Let l(o) = -o + 9. Let p be l(0). Suppose -4*g - 200 = -p*g. Suppose -3570 = -4*i - 25*i - i. What is the remainder when i is divided by g?
39
Let d be 1*7 - 220/(40/2). Let n = 13 + -7. Calculate the remainder when d/(-6) + (-2 - (-446)/n) is divided by 38.
35
Suppose 3*r + 45 = 33. Let f = r + 6. Let a = -14 - -15. What is the remainder when f is divided by a?
0
Suppose -207*t - 11011 = -284*t. Calculate the remainder when 6145 is divided by t.
139
Suppose -i + 4*f + 65 = 0, -3*i + 4*f = -86 - 125. What is the remainder when 9927 is divided by i?
72
Let f(r) = 2*r. Let a be f(1). Suppose -5*w = 3*x + a*x - 210, 5*w - 205 = -4*x. Calculate the remainder when w is divided by 8.
5
Let p(g) = -3*g**2 + 63*g + 35. What is the remainder when 261 is divided by p(20)?
71
Let q(d) = -7*d - 4. Suppose -59 = 15*k - 1799. Calculate the remainder when k is divided by q(-3).
14
Let d be (3/3)/(18/37566). Suppose 12368 = 23*a + d. Calculate the remainder when a is divided by 10.
7
Let u = -1835 - -1982. What is the remainder when 168 is divided by u?
21
Suppose 375 = -7*h + 1390. What is the remainder when 48 is divided by (-16)/40*h/(-2)?
19
Let k(u) = 2*u**3 + 14*u**2 - 15*u - 22. What is the remainder when 155 is divided by k(-7)?
72
Let f be (-548)/5 + (-8)/(-120)*-6. Let r = f - -134. Let p = 42 - r. Calculate the remainder when 69 is divided by p.
15
Let p = 2034 + -1871. Calculate the remainder when p is divided by 20.
3
Suppose 39 + 26 = -5*z. Suppose -2*q + 15 = k, 0 = -4*q - 0*q - 16. Let u = k + z. Calculate the remainder when u is divided by 6.
4
Suppose -12 = 4*n, -283*b = -282*b - 5*n - 234. What is the remainder when b is divided by 97?
25
Suppose 4*b = 3*y + b - 579, 4*y - 5*b - 768 = 0. Suppose 2*s - y - 117 = 0. What is the remainder when s is divided by 35?
17
Let q be 3182/148 - (0 - -1)/2. Let a(r) = 2*r**2 - 36*r + 9. What is the remainder when a(q) is divided by 46?
43
Let o(k) = 5*k - 12. Suppose -4*d - 5*i = 69, 0 = -d + 6*d + 5*i + 85. Let f be (-78)/d - (-1)/8. Calculate the remainder when o(f) is divided by 8.
5
Suppose -252 - 131 = -4*w - x, 5*x + 25 = 0. Calculate the remainder when -5 + w + (1 - 0) is divided by 48.
45
Suppose 0 = -4*q + 24 - 184. Suppose 4*l - 141 = l - 5*j, 0 = 5*l - 2*j - 266. Let s = l + q. What is the remainder when 46 is divided by s?
10
Let a = 25 - -19. Let s = a + -42. Suppose -s*o - o = -18. Calculate the remainder when 11 is divided by o.
5
Let x = -458 + 665. Let i = -117 + x. Calculate the remainder when i is divided by 33.
24
Let r = 19762 - 19505. What is the remainder when 1288 is divided by r?
3
Suppose -8*u - 54 = -390. Suppose 38 = -c + u. Calculate the remainder when (3 - 6/c)*656/12 is divided by 17.
14
Suppose 0 = 3*f + 13 + 284. Let w be 2/5 + (-1 - (-861)/(-15)). Let s = w - f. What is the remainder when s is divided by 11?
8
Suppose 42 + 2 = 11*q. Suppose -u - 944 = -q*w, u - 9 - 232 = -w. What is the remainder when w is divided by 40?
37
Let z(j) = -j**3 + 4*j**2 - 11*j + 29. Let s be z(7). Let k = s - -204. Calculate the remainder when k is divided by 7.
2
Suppose 0 = -2*b - 3*b - 3*h + 45, 0 = 2*b + 5*h - 37. Suppose 2*z = b*z - 100. What is the remainder when 298 is divided by z?
23
Suppose 31*d = -4*d - 1645. Calculate the remainder when 95 is divided by d/(-282) + 155/6.
17
Let d be (-27)/81 - (-33)/(-9). What is the remainder when d - 531/(-9) - 5 is divided by 26?
24
Suppose 57*n + 159 = 60*n + 7*a, -2*n + 4*a + 132 = 0. Calculate the remainder when 228 is divided by n.
48
Suppose 16*a + 4349 = -2755. Let m = 452 + a. What is the remainder when ((-2)/(-5))/((-2)/(-50)) is divided by m?
2
Let z(h) = 46*h + 4 + 51*h - 96*h. Let m be z(-2). Suppose -y = 1 - 2, 3*y = m*k - 13. What is the remainder when 37 is divided by k?
5
Let f = 52 + -52. Suppose f = -381*u + 379*u + 318. Calculate the remainder when u is divided by 34.
23
Let u(r) = -2*r**3 - 46*r**2 - 228*r - 27. Suppose 0 = -0*z - 5*z + 145. What is the remainder when u(-16) is divided by z?
8
Suppose 4*h - 797 = -177. Let o = 184 - h. What is the remainder when 55 is divided by o?
26
What is the remainder when 416 is divided by 34/(-340) + (633/30)/1?
17
Let z(n) = -2*n**2 + 42*n + 97. Let k be z(23). Suppose -4*v + 3*v = -4*y, 0 = 4*v - k*y - 22. Calculate the remainder when 126 is divided by v.
6
Let h(z) = 291*z + 11589. What is the remainder when 433 is divided by h(-39)?
193
Let q(u) = u**3 + 8*u**2 - 5*u - 4. Let v be q(2). Let w = v - 11. What is the remainder when 72 is divided by w?
12
Let g(m) = 3*m - 9. Let v be g(6). Let y be v + -7 + 3 + 1. Calculate the remainder when 31 is divided by y + (2/2 - 0).
3
Calculate the remainder when 642 is divided by 0/2 - 1190/(-35).
30
Suppose 13*i + 33 = -71. Let g = -43 - -63. Calculate the remainder when (i + 1)*(-23 - -12)/1 is divided by g.
17
Let c(o) = -o**3 - 32*o**2 - 159*o - 629. Let f = 10 - 6. Calculate the remainder when c(-27) is divided by f.
3
Suppose -4*f + 15 + 13 = 0. Suppose -3242 - 4899 + 1771 = -49*d. Calculate the remainder when d is divided by f.
4
What is the remainder when (1/((-35)/11396))/((-14)/35) is divided by 16?
14
Let v = -316 - -167. Let l = v - -188. What is the remainder when 110 is divided by l?
32
Let k = 59 - -61. Suppose 4*u + u = k. Let g(b) = 3*b**2 - 159*b + 9. Calculate the remainder when u is divided by g(53).
6
Suppose 0 = 447*w - 419*w - 3360. What is the remainder when 5277 is divided by w?
117
Let k be (-340)/(-6) - (-1)/3. Let f be 1/((27 + -13)/658). Let s = k - f. Calculate the remainder when s is divided by 4.
2
Calculate the remainder when 494 is divided by (5 + 13)/((-38)/(-171)).
8
Let p be -3*(0 + 1 + (-46 - 28)). Let u = p + -197. What is the remainder when 80 is divided by u?
14
Let h = 92210 - 92033. Let q = 114 + 33. Suppose w + q = 4*k, -3*k + 4*w + 0*w = -120. Calculate the remainder when h is divided by k.
33
Suppose s - 25 = -3*z, -4*s + z = -3*s - 5. What is the remainder when (54 - 57) + 168/(-18)*120/(-28) is divided by s?
7
Let v(t) = 6*t**2 + t - 1. Let n be v(1). Let q be ((-8)/n)/(4/(-3) + 1). Suppose q*p = 4*i, i - 20 = 2*i - 5*p. What is the remainder when 33 is divided by i?
3
Calculate the remainder when 4/6 - (-2041898)/258 is divided by 20.
15
Suppose -19*p + 2538 + 156 + 1163 = 0. What is the remainder when p is divided by 41?
39
Let r = 33 + 12. What is the remainder when r is divided by (-1*9/6)